{"id":5363,"date":"2020-07-21T16:12:52","date_gmt":"2020-07-21T15:12:52","guid":{"rendered":"http:\/\/34.250.150.32\/?page_id=5363"},"modified":"2020-09-21T15:54:21","modified_gmt":"2020-09-21T14:54:21","slug":"envio-online-instante","status":"publish","type":"page","link":"https:\/\/www.colectivia.com\/blog\/envio-online-instante\/","title":{"rendered":"ENV\u00cdO ONLINE AL INSTANTE"},"content":{"rendered":"\n<h3><span style=\"text-decoration: underline;\"><strong>Cupones de Colectivia: En PDF \u2013 Gratis<\/strong><\/span><\/h3>\n<p>Cuando compres un cup\u00f3n de Colectivia,<strong> lo recibir\u00e1s al momento y sin ning\u00fan coste adicional en tu correo electr\u00f3nico en formato PDF<\/strong>. Si compras m\u00e1s de un cup\u00f3n de la misma oferta, todos ellos estar\u00e1n agrupados en el mismo PDF. Cada d\u00eda a\u00f1adimos nuevos cupones, para mirar los que tenemos activos actualmente puedes visitar esta p\u00e1gina: <span style=\"text-decoration: underline;\"><span style=\"color: #0000ff;\"><a style=\"color: #0000ff; text-decoration: underline;\" href=\"https:\/\/www.colectivia.com\/regalos\">https:\/\/www.colectivia.com\/regalos<\/a><\/span><\/span><\/p>\n<p>Si pierdes el correo electr\u00f3nico, podr\u00e1s volver a <strong>descargarte tu cup\u00f3n<\/strong> <strong>desde la secci\u00f3n \u201cMis Compras\u201d de nuestra web<\/strong>.<\/p>\n<h3>&nbsp;<\/h3>\n<h3><span style=\"text-decoration: underline;\"><strong>Productos: Gastos gratis e incluidos<\/strong><\/span><\/h3>\n<p>Siempre que compres un producto a trav\u00e9s de Colectivia, <strong>los gastos vienen incluidos en el precio<\/strong> (no tendr\u00e1s que pagar m\u00e1s por recibirlo en tu domicilio). Ahora bien, si decides <strong>devolver<\/strong> este producto <strong>es posible que se te cobren gastos de devoluci\u00f3n<\/strong>. Para saberlo, debes leer el apartado \u201cCondiciones\u201d de nuestra oferta online.<\/p>\n<h3>&nbsp;<\/h3>\n<h3><span style=\"text-decoration: underline;\"><strong>Plazos de entrega<\/strong><\/span><\/h3>\n<p>Los cupones de Colectivia <strong>los recibir\u00e1s al momento<\/strong> por mail y en tu cuenta de Colectivia. En el caso de que compres un <strong>producto f\u00edsico<\/strong>, los <strong>plazos de entrega pueden variar<\/strong> y se indican antes de que hagas la compra en el apartado \u201cCondiciones\u201d de la oferta.<\/p>\n<p>&nbsp;<\/p>\n","protected":false},"excerpt":{"rendered":"<p>Cupones de Colectivia: En PDF \u2013 Gratis Cuando compres un cup\u00f3n de Colectivia, lo recibir\u00e1s al momento y sin ning\u00fan coste adicional en tu correo electr\u00f3nico en formato PDF. Si compras m\u00e1s de un cup\u00f3n de la misma oferta, todos ellos estar\u00e1n agrupados en el mismo PDF. Cada d\u00eda a\u00f1adimos nuevos cupones, para mirar los [&hellip;]<\/p>\n","protected":false},"author":1,"featured_media":0,"parent":0,"menu_order":0,"comment_status":"closed","ping_status":"closed","template":"","meta":[],"yoast_head":"<!-- This site is optimized with the Yoast SEO Premium plugin v19.0 (Yoast SEO v19.14) - https:\/\/yoast.com\/wordpress\/plugins\/seo\/ -->\n<title>ENV\u00cdO ONLINE AL INSTANTE - Colectivia Blog | Parques de atracciones, acu\u00e1ticos, zool\u00f3gicos, acuarios y m\u00e1s<\/title>\n<meta name=\"robots\" content=\"noindex, follow\" \/>\n<meta property=\"og:locale\" content=\"es_ES\" \/>\n<meta property=\"og:type\" content=\"article\" \/>\n<meta property=\"og:title\" content=\"ENV\u00cdO ONLINE AL INSTANTE\" \/>\n<meta property=\"og:description\" content=\"Cupones de Colectivia: En PDF \u2013 Gratis Cuando compres un cup\u00f3n de Colectivia, lo recibir\u00e1s al momento y sin ning\u00fan coste adicional en tu correo electr\u00f3nico en formato PDF. Si compras m\u00e1s de un cup\u00f3n de la misma oferta, todos ellos estar\u00e1n agrupados en el mismo PDF. Cada d\u00eda a\u00f1adimos nuevos cupones, para mirar los [&hellip;]\" \/>\n<meta property=\"og:url\" content=\"https:\/\/www.colectivia.com\/blog\/envio-online-instante\/\" \/>\n<meta property=\"og:site_name\" content=\"Colectivia Blog | Parques de atracciones, acu\u00e1ticos, zool\u00f3gicos, acuarios y m\u00e1s\" \/>\n<meta property=\"article:modified_time\" content=\"2020-09-21T14:54:21+00:00\" \/>\n<meta name=\"twitter:card\" content=\"summary_large_image\" \/>\n<meta name=\"twitter:label1\" content=\"Tiempo de lectura\" \/>\n\t<meta name=\"twitter:data1\" content=\"1 minuto\" \/>\n<script type=\"application\/ld+json\" class=\"yoast-schema-graph\">{\"@context\":\"https:\/\/schema.org\",\"@graph\":[{\"@type\":\"WebPage\",\"@id\":\"https:\/\/www.colectivia.com\/blog\/envio-online-instante\/\",\"url\":\"https:\/\/www.colectivia.com\/blog\/envio-online-instante\/\",\"name\":\"ENV\u00cdO ONLINE AL INSTANTE - Colectivia Blog | Parques de atracciones, acu\u00e1ticos, zool\u00f3gicos, acuarios y m\u00e1s\",\"isPartOf\":{\"@id\":\"https:\/\/www.colectivia.com\/blog\/#website\"},\"datePublished\":\"2020-07-21T15:12:52+00:00\",\"dateModified\":\"2020-09-21T14:54:21+00:00\",\"breadcrumb\":{\"@id\":\"https:\/\/www.colectivia.com\/blog\/envio-online-instante\/#breadcrumb\"},\"inLanguage\":\"es\",\"potentialAction\":[{\"@type\":\"ReadAction\",\"target\":[\"https:\/\/www.colectivia.com\/blog\/envio-online-instante\/\"]}]},{\"@type\":\"BreadcrumbList\",\"@id\":\"https:\/\/www.colectivia.com\/blog\/envio-online-instante\/#breadcrumb\",\"itemListElement\":[{\"@type\":\"ListItem\",\"position\":1,\"name\":\"Portada\",\"item\":\"https:\/\/www.colectivia.com\/blog\/\"},{\"@type\":\"ListItem\",\"position\":2,\"name\":\"ENV\u00cdO ONLINE AL INSTANTE\"}]},{\"@type\":\"WebSite\",\"@id\":\"https:\/\/www.colectivia.com\/blog\/#website\",\"url\":\"https:\/\/www.colectivia.com\/blog\/\",\"name\":\"Colectivia Blog | Parques de atracciones, acu\u00e1ticos, zool\u00f3gicos, acuarios y m\u00e1s\",\"description\":\"Recomendaciones sobre actividades de ocio, gastronom\u00eda, viajes y todo lo que te gusta en tu ciudad.\",\"publisher\":{\"@id\":\"https:\/\/www.colectivia.com\/blog\/#organization\"},\"potentialAction\":[{\"@type\":\"SearchAction\",\"target\":{\"@type\":\"EntryPoint\",\"urlTemplate\":\"https:\/\/www.colectivia.com\/blog\/?s={search_term_string}\"},\"query-input\":\"required name=search_term_string\"}],\"inLanguage\":\"es\"},{\"@type\":\"Organization\",\"@id\":\"https:\/\/www.colectivia.com\/blog\/#organization\",\"name\":\"Colectivia Stories\",\"url\":\"https:\/\/www.colectivia.com\/blog\/\",\"logo\":{\"@type\":\"ImageObject\",\"inLanguage\":\"es\",\"@id\":\"https:\/\/www.colectivia.com\/blog\/#\/schema\/logo\/image\/\",\"url\":\"https:\/\/www.colectivia.com\/blog\/wp-content\/uploads\/2019\/11\/colectivia.jpg\",\"contentUrl\":\"https:\/\/www.colectivia.com\/blog\/wp-content\/uploads\/2019\/11\/colectivia.jpg\",\"width\":250,\"height\":167,\"caption\":\"Colectivia Stories\"},\"image\":{\"@id\":\"https:\/\/www.colectivia.com\/blog\/#\/schema\/logo\/image\/\"}}]}<\/script>\n<!-- \/ Yoast SEO Premium plugin. -->","yoast_head_json":{"title":"ENV\u00cdO ONLINE AL INSTANTE - Colectivia Blog | Parques de atracciones, acu\u00e1ticos, zool\u00f3gicos, acuarios y m\u00e1s","robots":{"index":"noindex","follow":"follow"},"og_locale":"es_ES","og_type":"article","og_title":"ENV\u00cdO ONLINE AL INSTANTE","og_description":"Cupones de Colectivia: En PDF \u2013 Gratis Cuando compres un cup\u00f3n de Colectivia, lo recibir\u00e1s al momento y sin ning\u00fan coste adicional en tu correo electr\u00f3nico en formato PDF. Si compras m\u00e1s de un cup\u00f3n de la misma oferta, todos ellos estar\u00e1n agrupados en el mismo PDF. Cada d\u00eda a\u00f1adimos nuevos cupones, para mirar los [&hellip;]","og_url":"https:\/\/www.colectivia.com\/blog\/envio-online-instante\/","og_site_name":"Colectivia Blog | Parques de atracciones, acu\u00e1ticos, zool\u00f3gicos, acuarios y m\u00e1s","article_modified_time":"2020-09-21T14:54:21+00:00","twitter_card":"summary_large_image","twitter_misc":{"Tiempo de lectura":"1 minuto"},"schema":{"@context":"https:\/\/schema.org","@graph":[{"@type":"WebPage","@id":"https:\/\/www.colectivia.com\/blog\/envio-online-instante\/","url":"https:\/\/www.colectivia.com\/blog\/envio-online-instante\/","name":"ENV\u00cdO ONLINE AL INSTANTE - Colectivia Blog | Parques de atracciones, acu\u00e1ticos, zool\u00f3gicos, acuarios y m\u00e1s","isPartOf":{"@id":"https:\/\/www.colectivia.com\/blog\/#website"},"datePublished":"2020-07-21T15:12:52+00:00","dateModified":"2020-09-21T14:54:21+00:00","breadcrumb":{"@id":"https:\/\/www.colectivia.com\/blog\/envio-online-instante\/#breadcrumb"},"inLanguage":"es","potentialAction":[{"@type":"ReadAction","target":["https:\/\/www.colectivia.com\/blog\/envio-online-instante\/"]}]},{"@type":"BreadcrumbList","@id":"https:\/\/www.colectivia.com\/blog\/envio-online-instante\/#breadcrumb","itemListElement":[{"@type":"ListItem","position":1,"name":"Portada","item":"https:\/\/www.colectivia.com\/blog\/"},{"@type":"ListItem","position":2,"name":"ENV\u00cdO ONLINE AL INSTANTE"}]},{"@type":"WebSite","@id":"https:\/\/www.colectivia.com\/blog\/#website","url":"https:\/\/www.colectivia.com\/blog\/","name":"Colectivia Blog | Parques de atracciones, acu\u00e1ticos, zool\u00f3gicos, acuarios y m\u00e1s","description":"Recomendaciones sobre actividades de ocio, gastronom\u00eda, viajes y todo lo que te gusta en tu ciudad.","publisher":{"@id":"https:\/\/www.colectivia.com\/blog\/#organization"},"potentialAction":[{"@type":"SearchAction","target":{"@type":"EntryPoint","urlTemplate":"https:\/\/www.colectivia.com\/blog\/?s={search_term_string}"},"query-input":"required name=search_term_string"}],"inLanguage":"es"},{"@type":"Organization","@id":"https:\/\/www.colectivia.com\/blog\/#organization","name":"Colectivia Stories","url":"https:\/\/www.colectivia.com\/blog\/","logo":{"@type":"ImageObject","inLanguage":"es","@id":"https:\/\/www.colectivia.com\/blog\/#\/schema\/logo\/image\/","url":"https:\/\/www.colectivia.com\/blog\/wp-content\/uploads\/2019\/11\/colectivia.jpg","contentUrl":"https:\/\/www.colectivia.com\/blog\/wp-content\/uploads\/2019\/11\/colectivia.jpg","width":250,"height":167,"caption":"Colectivia Stories"},"image":{"@id":"https:\/\/www.colectivia.com\/blog\/#\/schema\/logo\/image\/"}}]}},"_links":{"self":[{"href":"https:\/\/www.colectivia.com\/blog\/wp-json\/wp\/v2\/pages\/5363"}],"collection":[{"href":"https:\/\/www.colectivia.com\/blog\/wp-json\/wp\/v2\/pages"}],"about":[{"href":"https:\/\/www.colectivia.com\/blog\/wp-json\/wp\/v2\/types\/page"}],"author":[{"embeddable":true,"href":"https:\/\/www.colectivia.com\/blog\/wp-json\/wp\/v2\/users\/1"}],"replies":[{"embeddable":true,"href":"https:\/\/www.colectivia.com\/blog\/wp-json\/wp\/v2\/comments?post=5363"}],"version-history":[{"count":5,"href":"https:\/\/www.colectivia.com\/blog\/wp-json\/wp\/v2\/pages\/5363\/revisions"}],"predecessor-version":[{"id":5543,"href":"https:\/\/www.colectivia.com\/blog\/wp-json\/wp\/v2\/pages\/5363\/revisions\/5543"}],"wp:attachment":[{"href":"https:\/\/www.colectivia.com\/blog\/wp-json\/wp\/v2\/media?parent=5363"}],"curies":[{"name":"wp","href":"https:\/\/api.w.org\/{rel}","templated":true}]}}